omposite number?
False
Is 72001 composite?
True
Is 26687 a prime number?
True
Is 122523 prime?
False
Is 4919405 a composite number?
True
Is 11751 prime?
False
Is 29287 a prime number?
True
Is 35023 a prime number?
True
Is 2277607 composite?
False
Is 16619 a prime number?
True
Is 114373 composite?
True
Is 62941 prime?
False
Is 242191 a composite number?
True
Is 374457 composite?
True
Is 1130419 a prime number?
False
Is 15298 composite?
True
Is 40927 composite?
False
Is 14071 a prime number?
True
Is 740387 a prime number?
True
Is 479 prime?
True
Is 80021 prime?
True
Is 384773 a prime number?
True
Is 111139 a prime number?
False
Is 13541 prime?
False
Is 24359 a prime number?
True
Is 126067 a composite number?
False
Is 166457 composite?
False
Is 15421 a prime number?
False
Is 1399813 a composite number?
False
Is 753518 a composite number?
True
Is 8351 prime?
False
Is 20981 a prime number?
True
Is 805411 a prime number?
False
Is 34769 composite?
True
Is 178855 a composite number?
True
Is 28459 prime?
False
Is 7283 a composite number?
False
Is 291331 a composite number?
False
Is 161521 a prime number?
True
Is 1549793 a composite number?
True
Is 2281 composite?
False
Is 54811 a composite number?
True
Is 44953 a prime number?
True
Is 684419 prime?
True
Is 29611 composite?
False
Is 85385 composite?
True
Is 25923 a composite number?
True
Is 1801 prime?
True
Is 214649 composite?
True
Is 26421 a composite number?
True
Is 407053 a prime number?
False
Is 140977 prime?
True
Is 1801 composite?
False
Is 265033 composite?
True
Is 9413 composite?
False
Is 5581 a composite number?
False
Is 327059 composite?
False
Is 167837 composite?
True
Is 29903 a composite number?
True
Is 1361 prime?
True
Is 18899 composite?
False
Is 12841 composite?
False
Is 153241 composite?
True
Is 23401 a prime number?
False
Is 2177 composite?
True
Is 264779 a composite number?
False
Is 5242 prime?
False
Is 14971 a composite number?
True
Is 395249 composite?
True
Is 2569 composite?
True
Is 36341 composite?
False
Is 2528571 prime?
False
Is 4426798 prime?
False
Is 12197 composite?
False
Is 913103 a composite number?
False
Is 2167 a composite number?
True
Is 595135 a prime number?
False
Is 853 composite?
False
Is 9089 a composite number?
True
Is 65959 prime?
False
Is 3466 a composite number?
True
Is 123898 a prime number?
False
Is 54641 composite?
True
Is 185869 a composite number?
False
Is 1155373 a prime number?
True
Is 153871 a prime number?
True
Is 24221 prime?
False
Is 20051 prime?
True
Is 165913 prime?
False
Is 2150963 composite?
True
Is 2291 prime?
False
Is 39019 a prime number?
True
Is 194309 composite?
False
Is 284957 a prime number?
True
Is 16795 a prime number?
False
Is 1259 a composite number?
False
Is 94019 prime?
False
Is 27635 prime?
False
Is 23417 prime?
True
Is 112327 prime?
True
Is 1418965 a composite number?
True
Is 8071 a composite number?
True
Is 148711 a composite number?
False
Is 103097 a composite number?
True
Is 983579 a prime number?
True
Is 977 a composite number?
False
Is 47659 composite?
False
Is 6197 composite?
False
Is 54907 a prime number?
True
Is 377581 a prime number?
True
Is 13333 a prime number?
False
Is 127039 a prime number?
False
Is 5557 a prime number?
True
Is 24907 composite?
False
Is 20681 composite?
False
Is 8849 prime?
True
Is 784009 prime?
True
Is 29483 prime?
True
Is 10663 composite?
False
Is 4485665 a composite number?
True
Is 58567 a prime number?
True
Is 4678 a prime number?
False
Is 49711 composite?
False
Is 659455 composite?
True
Is 36103 prime?
False
Is 267829 composite?
False
Is 200117 a composite number?
False
Is 9461 prime?
True
Is 1319633 a prime number?
False
Is 318819 composite?
True
Is 37333 a prime number?
False
Is 9029 a prime number?
True
Is 204791 a composite number?
False
Is 8251 prime?
False
Is 925831 prime?
True
Is 339079 a composite number?
True
Is 337733 composite?
True
Is 1268837 a composite number?
True
Is 161717 a prime number?
True
Is 956987 a prime number?
True
Is 303969 a composite number?
True
Is 8889 prime?
False
Is 35963 a composite number?
False
Is 43805 a prime number?
False
Is 191099 composite?
False
Is 4776073 composite?
False
Is 3613 a prime number?
True
Is 15761 prime?
True
Is 4573 a composite number?
True
Is 173129 prime?
False
Is 138449 composite?
False
Is 413398 a prime number?
False
Is 4037 prime?
False
Is 1496381 prime?
False
Is 407 a prime number?
False
Is 955 composite?
True
Is 2333 a prime number?
True
Is 61001 a composite number?
False
Is 14699 a prime number?
True
Is 187 a composite number?
True
Is 112097 composite?
False
Is 201559 a composite number?
True
Is 341395 prime?
False
Is 143093 a prime number?
True
Is 3085 composite?
True
Is 10237 prime?
False
Is 76915 a prime number?
False
Is 50959 composite?
True
Is 3263 a composite number?
True
Is 821 composite?
False
Is 87911 composite?
False
Is 58319 a prime number?
False
Is 1921 a prime number?
False
Is 47563 a composite number?
False
Is 298009 composite?
True
Is 87559 a composite number?
False
Is 117785 composite?
True
Is 131981 a composite number?
True
Is 1531 composite?
False
Is 894089 a prime number?
False
Is 1405673 a composite number?
True
Is 28751 a prime number?
True
Is 276865 a composite number?
True
Is 2863 a prime number?
False
Is 94747 a composite number?
False
Is 831791 a composite number?
True
Is 24305 a prime number?
False
Is 15898 a prime number?
False
Is 10007 composite?
False
Is 4727 composite?
True
Is 14393 a composite number?
True
Is 20269 composite?
False
Is 52387 composite?
False
Is 39677 prime?
False
Is 28687 composite?
False
Is 12598 a prime number?
False
Is 329366 a composite number?
True
Is 672355 composite?
True
Is 10913 composite?
True
Is 1367 composite?
False
Is 20873 a prime number?
True
Is 135221 composite?
False
Is 99317 composite?
False
Is 1471 prime?
True
Is 4783 a composite number?
False
Is 1259 composite?
False
Is 53231 a composite number?
False
Is 33933 a prime number?
False
Is 17543 composite?
True
Is 19439 prime?
False
Is 732877 a prime number?
True
Is 20329 a composite number?
True
Is 25523 composite?
False
Is 561826 prime?
False
Is 32399 prime?
False
Is 387953 a composite number?
False
Is 17093 composite?
False
Is 275939 prime?
True
Is 136769 a composite number?
False
Is 18539 prime?
True
Is 2503 a composite number?
False
Is 589 a composite number?
True
Is 591083 a composite number?
True
Is 328087 prime?
False
Is 4285 composite?
True
Is 1673141 a prime number?
False
Is 679 composite?
True
Is 8171 prime?
True
Is 80309 a composite number?
False
Is 3271 composite?
False
Is 6801 a composite number?
True
Is 1455083 prime?
False
Is 39469 a prime number?
False
Is 676349 a prime number?
True
Is 489 prime?
False
Is 48131 prime?
True
Is 15769 composite?
True
Is 10867 composite?
False
Is 362479 a composite number?
True
Is 33107 a composite number?
False
Is 132323 a prime number?
False
Is 219431 composite?
True
Is 587 prime?
True
Is 144617 prime?
False
Is 6281 prime?
False
Is 1259 a composite number?
False
Is 331603 composite?
False
Is 325987 a prime number?
True
Is 37199 a prime number?
True
Is 21727 composite?
False
Is 14647 a prime number?
False
Is 465463 a composite number?
False
Is 841 a composite number?
True
Is 59759 composite?
True
Is 6609 a composite number?
True
Is 27677 prime?
False
Is 1577657 a composite number?
False
Is 5581 a prime number?
True
Is 860465 prime?
False
Is 1073 composite?
True
Is 47339 prime?
True
Is 488567 a composite number?
False
Is 340349 composite?
True
Is 1980577 a prime number?
True
Is 1604393 prime?
False
Is 250777 prime?
True
Is 2771 a composite number?
True
Is 12737 prime?
False
Is 150621 prime?
False
Is 1657769 a prime number?
False
Is 86341 prime?
True
Is 29009 composite?
False
Is 82549 composite?
False
Is 77761 a composite number?
False
Is 12007 prime?
True
Is 7817 a prime number?
True
Is 322817 prime?
False
Is 6773 composite?
True
Is 67447 a prime number?
True
Is 514177 a prime number?
True
Is 6521 a prime number?
True
Is 10167 composite?
True
Is 10181 composite?
False
Is 3218311 a prime number?
True
Is 18839 a prime number?
True
Is 104459 a prime number?
True
Is 16627 a composite number?
True
Is 634379 a prime number?
False
Is 4847021 prime?
True
Is 243613 prime?
True
Is 317 